5. Suppose -3*x - i - 14 = -0*i, -36 = 4*x - 3*i. Let p be j(x). Let v = p + -10. What are the prime factors of v?
7
Let v = 36 - 14. Let y = v + -14. List the prime factors of y.
2
Let p(u) be the second derivative of -1/20*u**5 + 0 - 3*u - 1/4*u**4 - 2*u**2 + 1/3*u**3. What are the prime factors of p(-4)?
2
Let k be (7 + -2)*(-3)/(-3). Let w be 1*2 - (k - 6). List the prime factors of -1 - -3 - w - -16.
3, 5
Let v = -1 + 3. Suppose 0 = -a + v*a - 6. Let j(u) = u**3 - 7*u**2 + 7*u + 2. List the prime factors of j(a).
2
Let h(n) = -2*n**3 - 17*n**2 + 9. What are the prime factors of h(-9)?
2, 3, 5
Let w = 44 + -8. Suppose 3*y = 5 + 4. Suppose -y*g - g = -w. What are the prime factors of g?
3
Let i = -7 + 3. Let d be (-3)/i + (-2)/(-8). List the prime factors of 0 + d + -3 + 8.
2, 3
Suppose -148 = -3*p - 2*k - 3, -k - 139 = -3*p. What are the prime factors of p?
47
Suppose 0 = 3*l - 2*l - 37. What are the prime factors of l?
37
List the prime factors of 297/22 + 2/(-4).
13
Let f(l) = -l**3 + l**2 + 2*l + 2. List the prime factors of f(-2).
2, 5
Suppose -2*x = -4*d - 6*x + 20, d - 9 = 3*x. Suppose -d*u = -u + 15, 4*u = 2*o - 56. List the prime factors of o/3 - (-2)/3.
2
Let c = 9 + -5. Suppose 2*t - c - 2 = 0. Suppose 0 = -t*k + 42 + 3. What are the prime factors of k?
3, 5
Let j(m) be the first derivative of -m**4/4 - m**3/3 + m**2/2 + 13*m + 2. What are the prime factors of j(0)?
13
Let i = -22 - -43. Suppose 5*o + z = -0*z + 63, 2*z - 54 = -4*o. Let g = i - o. List the prime factors of g.
3
Let l = -5 + 11. What are the prime factors of l?
2, 3
Let x(q) = -4. Let m(a) = -a + 4. Let f(k) = 3*m(k) + 4*x(k). What are the prime factors of f(-4)?
2
Let g = 145 + -64. What are the prime factors of g?
3
Let u be (-1188)/(-121) + 2/11. What are the prime factors of u/4*(-76)/(-10)?
19
Suppose -501 = -2*d - s, -2 = s - 1. What are the prime factors of d?
251
Let y = 0 + 0. Let o be y + 0 + (-48)/(-2). Suppose 3*p = -2*d + 30, -5*p + 4*d = -4 - o. List the prime factors of p.
2
Let r = -50 - -75. Suppose -3*h = -4*u + r + 100, 3*u - 5*h = 91. Let t = u + -12. List the prime factors of t.
2, 5
What are the prime factors of (294/4)/((-36)/(-8) + -4)?
3, 7
Suppose q - 8 = -5*y, q + y - 2 - 2 = 0. Suppose q*g = 8 + 13. Let v(n) = -n**3 + 8*n**2 - 6*n. What are the prime factors of v(g)?
7
Let b(q) = 5*q - 3. Let m(r) = 4*r - 4. Let k(p) = 5*b(p) - 6*m(p). Let a be k(-7). What are the prime factors of (60/(-18))/(a/(-6))?
2, 5
Suppose -224 = -5*m - 2*n, -2*m = 5*n - n - 80. List the prime factors of m.
2, 23
Let o be (-1)/1 - 2 - -1. What are the prime factors of 6/(3 + (o - -1))?
3
List the prime factors of -1*(3 - 34) + -2.
29
Let y = -2 - 15. List the prime factors of (y/2)/(6/(-12)).
17
Let j(d) = -5 - 2 + 3*d - 1 - d**2 + 2*d. Let q be j(8). What are the prime factors of q/(-5) + 14/(-35)?
2, 3
Let j(l) = l - 12. Let x be j(15). Suppose -v = x*v - 56. What are the prime factors of v?
2, 7
Let h = 134 + -22. What are the prime factors of h?
2, 7
Let h(v) = v. Let x = 20 + -10. Suppose -4*b - x = -4*j - b, 2*b = 4*j - 12. List the prime factors of h(j).
2
Let u(m) = m**3 - 6*m**2 + 2*m - 9. Let f be u(6). Let h = f - 0. List the prime factors of h.
3
Let w(a) = -2*a + 2. Let l be w(-7). Suppose -2*h = 6 + 2. Let v = l + h. What are the prime factors of v?
2, 3
Suppose 0 = 5*h + 5 - 0. Let y be 2/((-1)/2*h). Suppose 10 = -y*w + 90. List the prime factors of w.
2, 5
Let j(m) = -m. Suppose -2*c + 45 = c. Suppose 7*a - 4*a + c = 0. List the prime factors of j(a).
5
Suppose -l + 20 = 4*f, 2*f - 38 = -l + 7*f. Suppose -4*v - 8 + l = 0. Suppose 4*m - 2*y - 3 = 1, -23 = -m - v*y. List the prime factors of m.
3
Suppose 4*g = -12, -2*f = g - 5 - 8. List the prime factors of f.
2
Suppose -7*q + 136 = q. List the prime factors of q.
17
Let k be -5*(3 - 57/(-15)). Let z = -5 - k. What are the prime factors of z?
29
Suppose -3*k + 617 = -16. What are the prime factors of k?
211
Let g(k) = -k. Let l be g(3). Let a be 4/6 - (-50)/l. What are the prime factors of (a/(-6))/((-4)/(-6))?
2
Let r(o) be the first derivative of -5*o**2/2 - o + 4. What are the prime factors of r(-1)?
2
Let q be 6/(-3) + 2 - 2. Let l be 2*3*q/(-4). Suppose -l*g = -6*g + 24. List the prime factors of g.
2
Let g = 0 + 3. Suppose -2*n = -3*b - 6, -n + g = -5*b - 0. Suppose -2*z = -b*z - 34. What are the prime factors of z?
17
Suppose -r - 2 = -3. List the prime factors of 357/14 - r/(-2).
2, 13
Let v(a) = a**3 + 5*a**2 + 2*a + 2. Let w be v(-7). Let f be (-4)/(-14) - w/7. Suppose -n + f = 3*n. What are the prime factors of n?
2
Let g(m) = -m**3 + 4*m**2 + 5*m + 5. Let z be g(5). Suppose 10 = z*r - 0. What are the prime factors of r?
2
What are the prime factors of 20/(-90) - (-1822)/18?
101
Suppose 2*a = 5*a. Suppose a = 3*u - 8*u - 30. Let c = u - -9. List the prime factors of c.
3
Let m = 7 + -15. Let s = m - -33. List the prime factors of s.
5
Let s = -11 - -2. List the prime factors of s + 38 + 1 + 3.
3, 11
Let u = 73 - 56. What are the prime factors of u?
17
Let i(j) = 4*j**3 - 5*j**2 + 6*j - 6. List the prime factors of i(3).
3, 5
Let m(p) = p - 9. Let h be m(11). Let v = h + 1. List the prime factors of v.
3
Let a(b) = b**2 + 6*b + 2. Let v be a(-6). Let s = v + 1. List the prime factors of s.
3
Let p(l) = l**3 + l + 4. Let h be p(0). Suppose -26 + h = -u. List the prime factors of u.
2, 11
Let h be 13/2*(-5 + 7). Suppose 2*a - 51 + h = 0. Let i = -11 + a. What are the prime factors of i?
2
Let h(m) = 7*m - 24. What are the prime factors of h(11)?
53
Let w be (-6)/(-8)*(-2 + 34). Suppose 3*h + w = -h. Let b = h - -14. List the prime factors of b.
2
Let w(y) = y - 6. Let p be w(6). Suppose p = 5*z - 3*u - 42, z - 4*u - 46 = -4*z. What are the prime factors of z?
2, 3
Let o be -4 - -3 - -1*114. Suppose -5*y - 3 = -o. What are the prime factors of y?
2, 11
Let f(n) be the first derivative of n**4/4 + 7*n**3/3 - n**2/2 - 2*n - 1. Suppose 5*l + 22 + 13 = 0. What are the prime factors of f(l)?
5
Suppose -4*r + 10 = 5*c, -2*r - 2*c + 14 = -4*c. Let q(y) = y**2 - 5*y + 5. What are the prime factors of q(r)?
5
Let k = 23 - 1. List the prime factors of k.
2, 11
Suppose -218 = -2*q + 4*s, q + 2*q = 3*s + 327. List the prime factors of q.
109
Let n = 43 - 66. Let k = n - -27. List the prime factors of k.
2
Let y = -2 + 2. Suppose -1 = -c + 2*p + 3, y = 2*c + 4*p - 48. Suppose -2*w - 6 = -0*w, w = s - c. What are the prime factors of s?
11
Let l be (-27)/(-9)*(-2)/(-6). List the prime factors of l*((5 - 3) + 10).
2, 3
Suppose -76 + 412 = 4*o. Let d = o + -45. List the prime factors of d.
3, 13
Let b(u) = 10*u**2 + u + 1. Let p(y) = 2*y**2 - 2*y - 2. Let m be p(2). Suppose -m*x = 0, -3*x = -3*r - 5*x - 3. List the prime factors of b(r).
2, 5
Suppose -3*j - 2*b = -117 - 149, -4*b = -3*j + 278. What are the prime factors of j?
2, 3, 5
Let p = 11 - 6. Suppose -x = v - 11, p*v = -4*x + 34 + 11. What are the prime factors of x?
2, 5
Let r(d) = -2*d + 1. Let p be r(-3). Let a(h) = 2*h**2 - 11*h + 6. List the prime factors of a(p).
3
Suppose 11 = 4*s + 3. Suppose 4*h = -4*y - 8, -6*h + 8 = -s*h. Let l = 6 + y. List the prime factors of l.
2
Let l = -10 + 54. What are the prime factors of l?
2, 11
Suppose 4*d - 654 = -5*m - 0*d, -5*m + 2*d + 648 = 0. What are the prime factors of m?
2, 5, 13
Suppose 2*n + 3*n = 20. Let m = 3 + n. Suppose -31 + m = -4*a. What are the prime factors of a?
2, 3
Let a(r) be the second derivative of r**4/12 + 2*r**3/3 + 3*r**2 - 3*r. List the prime factors of a(-5).
11
Let k(q) = 3*q**2 - 4*q - 3. List the prime factors of k(4).
29
Let p(o) = 2*o**2 - 2*o + 7. Let a(s) = 5*s**2 - 5*s + 20. Let t(k) = 3*a(k) - 8*p(k). Let f = -24 + 24. What are the prime factors of t(f)?
2
Let m(o) = o - 3. Let n be m(8). Suppose 1 = n*f + 6. What are the prime factors of (8/24)/(f/(-57))?
19
Let l(i) = 29*i**3 - 2*i + 1. What are the prime factors of l(1)?
2, 7
Suppose 0 = 5*y - 4*x - 2, -5*y = 3*x + 19. Let t = y + 6. List the prime factors of t.
2
Let s be (-18)/(-4) - 3/(-6). Suppose -3*b + 50 = -3*q - 13, -3*b + 53 = -s*q. Suppose 0*l + 5*j = -2*l + b, 0 = -5*l - 3*j + 27. List the prime factors of l.
3
Suppose 3*d - 4*w = 2*d + 7, 0 = -2*d + 3*w + 9. Let t = 30 + -26. Let p = t + d. What are 